 by 35?
8
What is the remainder when 51 is divided by 43?
8
What is the remainder when 68 is divided by 10?
8
What is the remainder when 1004 is divided by 15?
14
What is the remainder when 523 is divided by 75?
73
What is the remainder when 1671 is divided by 433?
372
What is the remainder when 74 is divided by 25?
24
What is the remainder when 1042 is divided by 1024?
18
What is the remainder when 236 is divided by 90?
56
Calculate the remainder when 3149 is divided by 16.
13
What is the remainder when 55 is divided by 43?
12
Calculate the remainder when 10810 is divided by 6.
4
Calculate the remainder when 1945 is divided by 122.
115
What is the remainder when 2225 is divided by 28?
13
Calculate the remainder when 351 is divided by 41.
23
Calculate the remainder when 54 is divided by 30.
24
What is the remainder when 6547 is divided by 164?
151
What is the remainder when 114 is divided by 110?
4
What is the remainder when 25 is divided by 19?
6
What is the remainder when 13712 is divided by 11?
6
What is the remainder when 273 is divided by 94?
85
What is the remainder when 171 is divided by 31?
16
Calculate the remainder when 70 is divided by 37.
33
Calculate the remainder when 384 is divided by 35.
34
What is the remainder when 47 is divided by 8?
7
Calculate the remainder when 2448 is divided by 814.
6
What is the remainder when 1761 is divided by 133?
32
What is the remainder when 196 is divided by 43?
24
Calculate the remainder when 99 is divided by 22.
11
Calculate the remainder when 386 is divided by 131.
124
What is the remainder when 59 is divided by 3?
2
What is the remainder when 200 is divided by 101?
99
What is the remainder when 375 is divided by 37?
5
Calculate the remainder when 1049 is divided by 81.
77
What is the remainder when 1725 is divided by 91?
87
What is the remainder when 641 is divided by 226?
189
What is the remainder when 173 is divided by 103?
70
What is the remainder when 949 is divided by 314?
7
What is the remainder when 1533 is divided by 221?
207
Calculate the remainder when 437 is divided by 68.
29
Calculate the remainder when 223 is divided by 79.
65
What is the remainder when 431 is divided by 213?
5
What is the remainder when 237 is divided by 38?
9
Calculate the remainder when 183 is divided by 37.
35
Calculate the remainder when 113 is divided by 16.
1
Calculate the remainder when 6889 is divided by 10.
9
Calculate the remainder when 659 is divided by 15.
14
What is the remainder when 1370 is divided by 378?
236
Calculate the remainder when 138 is divided by 35.
33
What is the remainder when 14320 is divided by 33?
31
Calculate the remainder when 72 is divided by 70.
2
What is the remainder when 638 is divided by 124?
18
What is the remainder when 308 is divided by 24?
20
What is the remainder when 1111 is divided by 53?
51
Calculate the remainder when 828 is divided by 55.
3
What is the remainder when 466 is divided by 79?
71
Calculate the remainder when 82 is divided by 10.
2
Calculate the remainder when 20 is divided by 4.
0
Calculate the remainder when 46 is divided by 32.
14
Calculate the remainder when 426 is divided by 58.
20
What is the remainder when 167 is divided by 10?
7
What is the remainder when 52 is divided by 46?
6
What is the remainder when 566 is divided by 101?
61
What is the remainder when 124 is divided by 58?
8
Calculate the remainder when 809 is divided by 809.
0
Calculate the remainder when 228 is divided by 110.
8
What is the remainder when 43 is divided by 36?
7
Calculate the remainder when 910 is divided by 100.
10
Calculate the remainder when 402 is divided by 46.
34
What is the remainder when 164 is divided by 42?
38
Calculate the remainder when 197 is divided by 23.
13
What is the remainder when 229 is divided by 47?
41
Calculate the remainder when 45 is divided by 10.
5
What is the remainder when 295 is divided by 8?
7
What is the remainder when 663 is divided by 67?
60
Calculate the remainder when 107 is divided by 32.
11
Calculate the remainder when 124 is divided by 6.
4
Calculate the remainder when 58 is divided by 43.
15
What is the remainder when 112 is divided by 21?
7
Calculate the remainder when 777 is divided by 30.
27
What is the remainder when 16948 is divided by 15?
13
What is the remainder when 10946 is divided by 233?
228
What is the remainder when 687 is divided by 220?
27
What is the remainder when 283 is divided by 45?
13
What is the remainder when 1580 is divided by 17?
16
Calculate the remainder when 757 is divided by 48.
37
What is the remainder when 5789 is divided by 170?
9
Calculate the remainder when 324 is divided by 110.
104
What is the remainder when 511 is divided by 9?
7
What is the remainder when 697 is divided by 64?
57
What is the remainder when 55 is divided by 20?
15
Calculate the remainder when 1027 is divided by 21.
19
Calculate the remainder when 494 is divided by 99.
98
Calculate the remainder when 364 is divided by 22.
12
What is the remainder when 416 is divided by 42?
38
What is the remainder when 72 is divided by 9?
0
What is the remainder when 651 is divided by 215?
6
Calculate the remainder when 198 is divided by 7.
2
What is the remainder when 185 is divided by 57?
14
Calculate the remainder when 747 is divided by 4.
3
Calculate the remainder when 47 is divided by 10.
7
Calculate the remainder when 831 is divided by 49.
47
What is the remainder when 671 is divided by 168?
167
Calculate the remainder when 485 is divided by 112.
37
What is the remainder when 140 is divided by 50?
40
Calculate the remainder when 411 is divided by 142.
127
What is the remainder when 56 is divided by 18?
2
Calculate the remainder when 142 is divided by 48.
46
Calculate the remainder when 49 is divided by 26.
23
Calculate the remainder when 127 is divided by 64.
63
Calculate the remainder when 65 is divided by 24.
17
Calculate the remainder when 405 is divided by 90.
45
What is the remainder when 848 is divided by 50?
48
Calculate the remainder when 4884 is divided by 106.
8
Calculate the remainder when 1084 is divided by 490.
104
What is the remainder when 145 is divided by 21?
19
What is the remainder when 4965 is divided by 191?
190
Calculate the remainder when 929 is divided by 32.
1
What is the remainder when 318 is divided by 16?
14
Calculate the remainder when 805 is divided by 117.
103
What is the remainder when 714 is divided by 15?
9
Calculate the remainder when 363 is divided by 25.
13
What is the remainder when 55 is divided by 51?
4
Calculate the remainder when 19 is divided by 3.
1
Calculate the remainder when 236 is divided by 57.
8
What is the remainder when 616 is divided by 125?
116
What is the remainder when 184 is divided by 56?
16
Calculate the remainder when 145 is divided by 49.
47
Calculate the remainder when 2003 is divided by 627.
122
What is the remainder when 386 is divided by 23?
18
What is the remainder when 2384 is divided by 790?
14
What is the remainder when 109 is divided by 9?
1
Calculate the remainder when 134 is divided by 15.
14
What is the remainder when 234 is divided by 30?
24
What is the remainder when 663 is divided by 280?
103
What is the remainder when 537 is divided by 49?
47
What is the remainder when 229 is divided by 27?
13
What is the remainder when 1784 is divided by 94?
92
Calculate the remainder when 825 is divided by 35.
20
Calculate the remainder when 5111 is divided by 93.
89
What is the remainder when 2972 is divided by 175?
172
What is the remainder when 18 is divided by 8?
2
Calculate the remainder when 337 is divided by 81.
13
Calculate the remainder when 137 is divided by 12.
5
Calculate the remainder when 106 is divided by 30.
16
What is the remainder when 81 is divided by 6?
3
Calculate the remainder when 5415 is divided by 139.
133
Calculate the remainder when 821 is divided by 31.
15
What is the remainder when 399 is divided by 40?
39
Calculate the remainder when 730 is divided by 7.
2
What is the remainder when 65 is divided by 15?
5
What is the remainder when 419 is divided by 42?
41
Calculate the remainder when 1297 is divided by 269.
221
Calculate the remainder when 1044 is divided by 35.
29
What is the remainder when 1555 is divided by 122?
91
What is the remainder when 4